or of 72 and 312.
24
What is the greatest common divisor of 6 and 16?
2
What is the highest common divisor of 2552 and 4147?
319
Calculate the greatest common factor of 35821 and 113.
113
What is the greatest common divisor of 17 and 204?
17
Calculate the greatest common factor of 348 and 48.
12
What is the highest common divisor of 13395 and 282?
141
Calculate the greatest common divisor of 22 and 2101.
11
What is the greatest common divisor of 861 and 12341?
287
Calculate the highest common divisor of 221 and 39.
13
Calculate the greatest common divisor of 8 and 88.
8
Calculate the greatest common divisor of 2067 and 975.
39
Calculate the greatest common divisor of 7 and 448.
7
Calculate the greatest common factor of 6838 and 286.
26
Calculate the highest common factor of 196 and 4.
4
Calculate the greatest common divisor of 286 and 1274.
26
What is the highest common factor of 491 and 1?
1
Calculate the greatest common factor of 1440 and 1008.
144
Calculate the highest common divisor of 66 and 429.
33
Calculate the highest common divisor of 46 and 1472.
46
What is the highest common divisor of 99 and 3?
3
Calculate the greatest common factor of 611 and 1066.
13
Calculate the highest common factor of 48 and 108.
12
Calculate the greatest common divisor of 1 and 17.
1
What is the highest common divisor of 2335 and 20081?
467
Calculate the greatest common factor of 14 and 8.
2
What is the highest common divisor of 1572 and 36?
12
Calculate the greatest common factor of 1136 and 355.
71
Calculate the greatest common factor of 39 and 2769.
39
What is the greatest common factor of 78 and 858?
78
What is the highest common factor of 24 and 132?
12
Calculate the greatest common factor of 78 and 1014.
78
What is the greatest common divisor of 717 and 6?
3
What is the greatest common factor of 6 and 294?
6
What is the greatest common divisor of 704 and 11?
11
What is the greatest common factor of 41209 and 49?
49
What is the greatest common divisor of 36 and 960?
12
What is the greatest common factor of 429 and 1053?
39
Calculate the highest common factor of 38 and 1824.
38
Calculate the greatest common divisor of 75768 and 328.
328
Calculate the highest common divisor of 105 and 90.
15
What is the greatest common divisor of 44 and 308?
44
What is the greatest common divisor of 102 and 969?
51
What is the highest common divisor of 475 and 76?
19
Calculate the highest common divisor of 22 and 3498.
22
What is the highest common factor of 10 and 23710?
10
Calculate the greatest common divisor of 195 and 1125.
15
What is the highest common factor of 15640 and 8?
8
What is the highest common factor of 377 and 2813?
29
Calculate the greatest common factor of 6 and 10518.
6
What is the greatest common divisor of 1278 and 18?
18
Calculate the greatest common factor of 178 and 2759.
89
Calculate the highest common divisor of 152 and 25118.
38
Calculate the highest common divisor of 14 and 12614.
14
What is the greatest common factor of 576 and 54?
18
What is the greatest common factor of 342 and 18?
18
What is the highest common factor of 4992 and 528?
48
What is the highest common factor of 18 and 2745?
9
Calculate the greatest common divisor of 165 and 10670.
55
What is the greatest common factor of 48 and 600?
24
What is the highest common factor of 15 and 5?
5
Calculate the highest common factor of 474 and 6478.
158
Calculate the highest common divisor of 5871 and 57.
57
What is the greatest common divisor of 18 and 2034?
18
What is the highest common divisor of 12 and 1392?
12
What is the greatest common divisor of 7 and 427?
7
Calculate the greatest common factor of 72 and 5256.
72
What is the greatest common divisor of 5 and 39?
1
Calculate the highest common factor of 455 and 1190.
35
Calculate the highest common factor of 8180 and 20.
20
What is the highest common factor of 5 and 1790?
5
Calculate the greatest common factor of 4512 and 240.
48
What is the greatest common divisor of 2739 and 27?
3
Calculate the highest common divisor of 25 and 1025.
25
What is the greatest common factor of 6515 and 5?
5
Calculate the greatest common divisor of 806 and 26.
26
What is the highest common divisor of 84 and 21126?
42
Calculate the greatest common factor of 50 and 1350.
50
Calculate the highest common divisor of 2257 and 61.
61
What is the greatest common divisor of 529 and 138?
23
What is the highest common divisor of 48 and 5016?
24
Calculate the greatest common divisor of 12 and 76.
4
What is the greatest common factor of 18 and 4311?
9
What is the highest common factor of 84 and 182?
14
Calculate the highest common factor of 78 and 14547.
39
Calculate the highest common factor of 105 and 63.
21
What is the highest common divisor of 355 and 923?
71
What is the greatest common divisor of 207 and 27?
9
What is the greatest common factor of 2 and 8?
2
Calculate the greatest common divisor of 2354 and 11.
11
What is the highest common factor of 100 and 12?
4
Calculate the highest common factor of 26 and 286.
26
What is the greatest common divisor of 2178 and 18?
18
Calculate the greatest common factor of 10 and 26570.
10
Calculate the greatest common divisor of 125 and 565.
5
Calculate the greatest common factor of 70 and 130.
10
What is the greatest common divisor of 10 and 158?
2
What is the highest common factor of 1764 and 36?
36
What is the greatest common factor of 150 and 6?
6
What is the highest common factor of 17 and 3383?
17
Calculate the greatest common factor of 31331 and 646.
323
What is the greatest common factor of 44556 and 3?
3
Calculate the highest common divisor of 66 and 10054.
22
What is the greatest common factor of 11098 and 124?
62
Calculate the greatest common factor of 3045 and 315.
105
What is the greatest common divisor of 890 and 20?
10
Calculate the greatest common factor of 8 and 2720.
8
Calculate the greatest common factor of 2 and 2734.
2
What is the greatest common divisor of 90 and 594?
18
What is the greatest common factor of 66 and 14?
2
What is the highest common factor of 14730 and 15?
15
What is the highest common divisor of 54680 and 40?
40
What is the highest common factor of 472 and 24?
8
What is the greatest common divisor of 3820 and 160?
20
Calculate the highest common divisor of 322 and 112.
14
Calculate the greatest common factor of 813 and 2.
1
What is the highest common factor of 294 and 77?
7
Calculate the highest common divisor of 3382 and 712.
178
What is the greatest common factor of 490 and 28?
14
What is the highest common factor of 50 and 1325?
25
What is the greatest common factor of 1603 and 21?
7
Calculate the highest common factor of 27 and 11772.
27
What is the greatest common divisor of 1003 and 59?
59
Calculate the highest common factor of 11 and 11.
11
What is the highest common factor of 542 and 4?
2
What is the greatest common factor of 80 and 10?
10
Calculate the greatest common factor of 2337 and 1107.
123
Calculate the greatest common divisor of 114 and 1767.
57
Calculate the greatest common divisor of 164 and 3690.
82
What is the greatest common divisor of 24318 and 252?
126
Calculate the greatest common divisor of 1843 and 76.
19
Calculate the greatest common divisor of 143 and 8853.
13
Calculate the highest common factor of 49 and 63.
7
What is the greatest common divisor of 43 and 3?
1
What is the greatest common factor of 7192 and 62?
62
Calculate the highest common divisor of 846 and 18.
18
What is the greatest common factor of 256 and 128?
128
Calculate the greatest common divisor of 22 and 105226.
22
What is the highest common factor of 6 and 27?
3
Calculate the highest common divisor of 11 and 904.
1
Calculate the greatest common factor of 130 and 10790.
130
What is the highest common factor of 10 and 5090?
10
What is the greatest common divisor of 1650 and 1200?
150
Calculate the greatest common divisor of 4745 and 130.
65
Calculate the highest common factor of 1650 and 50.
50
Calculate the highest common divisor of 816 and 3792.
48
Calculate the greatest common divisor of 37366 and 238.
238
What is the greatest common divisor of 231 and 1232?
77
Calculate the greatest common divisor of 5 and 1355.
5
Calculate the greatest common factor of 23 and 11822.
23
What is the high